{"version":"1.0","provider_name":"Sporthiva Online","provider_url":"http:\/\/www.sporthiva.com","author_name":"Alexa Torres","author_url":"http:\/\/www.sporthiva.com\/index.php\/author\/atorres\/","title":"Steven Gerrard anuncia su retiro - Sporthiva Online","type":"rich","width":600,"height":338,"html":"<blockquote class=\"wp-embedded-content\" data-secret=\"IhPkieUBPG\"><a href=\"http:\/\/www.sporthiva.com\/index.php\/2016\/11\/24\/steven-gerrard-anuncia-su-retiro\/\">Steven Gerrard anuncia su retiro<\/a><\/blockquote><iframe sandbox=\"allow-scripts\" security=\"restricted\" src=\"http:\/\/www.sporthiva.com\/index.php\/2016\/11\/24\/steven-gerrard-anuncia-su-retiro\/embed\/#?secret=IhPkieUBPG\" width=\"600\" height=\"338\" title=\"\u00abSteven Gerrard anuncia su retiro\u00bb \u2014 Sporthiva Online\" data-secret=\"IhPkieUBPG\" frameborder=\"0\" marginwidth=\"0\" marginheight=\"0\" scrolling=\"no\" class=\"wp-embedded-content\"><\/iframe><script type=\"text\/javascript\">\n\/*! This file is auto-generated *\/\n!function(d,l){\"use strict\";var e=!1,o=!1;if(l.querySelector)if(d.addEventListener)e=!0;if(d.wp=d.wp||{},!d.wp.receiveEmbedMessage)if(d.wp.receiveEmbedMessage=function(e){var t=e.data;if(t)if(t.secret||t.message||t.value)if(!\/[^a-zA-Z0-9]\/.test(t.secret)){for(var r,a,i,s=l.querySelectorAll('iframe[data-secret=\"'+t.secret+'\"]'),n=l.querySelectorAll('blockquote[data-secret=\"'+t.secret+'\"]'),o=new RegExp(\"^https?:$\",\"i\"),c=0;c<n.length;c++)n[c].style.display=\"none\";for(c=0;c<s.length;c++)if(r=s[c],e.source===r.contentWindow){if(r.removeAttribute(\"style\"),\"height\"===t.message){if(1e3<(i=parseInt(t.value,10)))i=1e3;else if(~~i<200)i=200;r.height=i}if(\"link\"===t.message)if(a=l.createElement(\"a\"),i=l.createElement(\"a\"),a.href=r.getAttribute(\"src\"),i.href=t.value,o.test(i.protocol))if(i.host===a.host)if(l.activeElement===r)d.top.location.href=t.value}}},e)d.addEventListener(\"message\",d.wp.receiveEmbedMessage,!1),l.addEventListener(\"DOMContentLoaded\",t,!1),d.addEventListener(\"load\",t,!1);function t(){if(!o){o=!0;for(var e,t,r,a=-1!==navigator.appVersion.indexOf(\"MSIE 10\"),i=!!navigator.userAgent.match(\/Trident.*rv:11\\.\/),s=l.querySelectorAll(\"iframe.wp-embedded-content\"),n=0;n<s.length;n++){if(!(r=(t=s[n]).getAttribute(\"data-secret\")))r=Math.random().toString(36).substr(2,10),t.src+=\"#?secret=\"+r,t.setAttribute(\"data-secret\",r);if(a||i)(e=t.cloneNode(!0)).removeAttribute(\"security\"),t.parentNode.replaceChild(e,t);t.contentWindow.postMessage({message:\"ready\",secret:r},\"*\")}}}}(window,document);\n<\/script>\n","description":"El excapit\u00e1n del Liverpool e Inglaterra, anunci\u00f3 su retiro del f\u00fatbol , una semana despu\u00e9s de confirmar que no volver\u00eda a jugar con Los \u00c1ngeles Galaxy de la MLS. Gerrard pas\u00f3 casi toda su carrera en el Liverpool tras debutar contra el Blackburn Rovers en 1998. Es el tercer futbolista con m\u00e1s partidos jugados con&nbsp;Continuar leyendo"}

El excapitán del Liverpool e Inglaterra, anunció su retiro del fútbol , una semana después de confirmar que no volvería a jugar con Los Ángeles Galaxy de la MLS. Gerrard pasó casi toda su carrera en el Liverpool tras debutar contra el Blackburn Rovers en 1998. Es el tercer futbolista con más partidos jugados con&nbsp;Continuar leyendo
