{"version":"1.0","provider_name":"Sporthiva Online","provider_url":"http:\/\/www.sporthiva.com","author_name":"Evelyn Pineda","author_url":"http:\/\/www.sporthiva.com\/index.php\/author\/epineda\/","title":"Chiellini renueva por dos temporadas con la Juventus - Sporthiva Online","type":"rich","width":600,"height":338,"html":"<blockquote class=\"wp-embedded-content\" data-secret=\"L2ZWzo5ftj\"><a href=\"http:\/\/www.sporthiva.com\/index.php\/2021\/08\/02\/chiellini-renueva-por-dos-temporadas-con-la-juventus\/\">Chiellini renueva por dos temporadas con la Juventus<\/a><\/blockquote><iframe sandbox=\"allow-scripts\" security=\"restricted\" src=\"http:\/\/www.sporthiva.com\/index.php\/2021\/08\/02\/chiellini-renueva-por-dos-temporadas-con-la-juventus\/embed\/#?secret=L2ZWzo5ftj\" width=\"600\" height=\"338\" title=\"\u00abChiellini renueva por dos temporadas con la Juventus\u00bb \u2014 Sporthiva Online\" data-secret=\"L2ZWzo5ftj\" frameborder=\"0\" marginwidth=\"0\" marginheight=\"0\" scrolling=\"no\" class=\"wp-embedded-content\"><\/iframe><script type=\"text\/javascript\">\n\/*! This file is auto-generated *\/\n!function(d,l){\"use strict\";var e=!1,o=!1;if(l.querySelector)if(d.addEventListener)e=!0;if(d.wp=d.wp||{},!d.wp.receiveEmbedMessage)if(d.wp.receiveEmbedMessage=function(e){var t=e.data;if(t)if(t.secret||t.message||t.value)if(!\/[^a-zA-Z0-9]\/.test(t.secret)){for(var r,a,i,s=l.querySelectorAll('iframe[data-secret=\"'+t.secret+'\"]'),n=l.querySelectorAll('blockquote[data-secret=\"'+t.secret+'\"]'),o=new RegExp(\"^https?:$\",\"i\"),c=0;c<n.length;c++)n[c].style.display=\"none\";for(c=0;c<s.length;c++)if(r=s[c],e.source===r.contentWindow){if(r.removeAttribute(\"style\"),\"height\"===t.message){if(1e3<(i=parseInt(t.value,10)))i=1e3;else if(~~i<200)i=200;r.height=i}if(\"link\"===t.message)if(a=l.createElement(\"a\"),i=l.createElement(\"a\"),a.href=r.getAttribute(\"src\"),i.href=t.value,o.test(i.protocol))if(i.host===a.host)if(l.activeElement===r)d.top.location.href=t.value}}},e)d.addEventListener(\"message\",d.wp.receiveEmbedMessage,!1),l.addEventListener(\"DOMContentLoaded\",t,!1),d.addEventListener(\"load\",t,!1);function t(){if(!o){o=!0;for(var e,t,r,a=-1!==navigator.appVersion.indexOf(\"MSIE 10\"),i=!!navigator.userAgent.match(\/Trident.*rv:11\\.\/),s=l.querySelectorAll(\"iframe.wp-embedded-content\"),n=0;n<s.length;n++){if(!(r=(t=s[n]).getAttribute(\"data-secret\")))r=Math.random().toString(36).substr(2,10),t.src+=\"#?secret=\"+r,t.setAttribute(\"data-secret\",r);if(a||i)(e=t.cloneNode(!0)).removeAttribute(\"security\"),t.parentNode.replaceChild(e,t);t.contentWindow.postMessage({message:\"ready\",secret:r},\"*\")}}}}(window,document);\n<\/script>\n","description":"El defensor campe\u00f3n de Europa seguir\u00e1 en el equipo de Tur\u00edn Tur\u00edn, Italia La Juventus de Tur\u00edn hizo oficial este lunes la renovaci\u00f3n por dos temporadas m\u00e1s del veterano defensa Giorgio Chiellini, de 36 a\u00f1os y capit\u00e1n de la selecci\u00f3n de Italia campeona de Europa. El pasado 29 de julio el propio Chiellini confirm\u00f3 que&nbsp;Continuar leyendo"}

El defensor campeón de Europa seguirá en el equipo de Turín Turín, Italia La Juventus de Turín hizo oficial este lunes la renovación por dos temporadas más del veterano defensa Giorgio Chiellini, de 36 años y capitán de la selección de Italia campeona de Europa. El pasado 29 de julio el propio Chiellini confirmó que&nbsp;Continuar leyendo
