{"version":"1.0","provider_name":"Sporthiva Online","provider_url":"http:\/\/www.sporthiva.com","author_name":"Evelyn Pineda","author_url":"http:\/\/www.sporthiva.com\/index.php\/author\/epineda\/","title":"B\u00e9lgica despide al seleccionador Domenico Tedesco - Sporthiva Online","type":"rich","width":600,"height":338,"html":"<blockquote class=\"wp-embedded-content\" data-secret=\"xCbBMx746y\"><a href=\"http:\/\/www.sporthiva.com\/index.php\/2025\/01\/17\/belgica-despide-al-seleccionador-domenico-tedesco\/\">B\u00e9lgica despide al seleccionador Domenico Tedesco<\/a><\/blockquote><iframe sandbox=\"allow-scripts\" security=\"restricted\" src=\"http:\/\/www.sporthiva.com\/index.php\/2025\/01\/17\/belgica-despide-al-seleccionador-domenico-tedesco\/embed\/#?secret=xCbBMx746y\" width=\"600\" height=\"338\" title=\"\u00abB\u00e9lgica despide al seleccionador Domenico Tedesco\u00bb \u2014 Sporthiva Online\" data-secret=\"xCbBMx746y\" frameborder=\"0\" marginwidth=\"0\" marginheight=\"0\" scrolling=\"no\" class=\"wp-embedded-content\"><\/iframe><script type=\"text\/javascript\">\n\/*! This file is auto-generated *\/\n!function(d,l){\"use strict\";var e=!1,o=!1;if(l.querySelector)if(d.addEventListener)e=!0;if(d.wp=d.wp||{},!d.wp.receiveEmbedMessage)if(d.wp.receiveEmbedMessage=function(e){var t=e.data;if(t)if(t.secret||t.message||t.value)if(!\/[^a-zA-Z0-9]\/.test(t.secret)){for(var r,a,i,s=l.querySelectorAll('iframe[data-secret=\"'+t.secret+'\"]'),n=l.querySelectorAll('blockquote[data-secret=\"'+t.secret+'\"]'),o=new RegExp(\"^https?:$\",\"i\"),c=0;c<n.length;c++)n[c].style.display=\"none\";for(c=0;c<s.length;c++)if(r=s[c],e.source===r.contentWindow){if(r.removeAttribute(\"style\"),\"height\"===t.message){if(1e3<(i=parseInt(t.value,10)))i=1e3;else if(~~i<200)i=200;r.height=i}if(\"link\"===t.message)if(a=l.createElement(\"a\"),i=l.createElement(\"a\"),a.href=r.getAttribute(\"src\"),i.href=t.value,o.test(i.protocol))if(i.host===a.host)if(l.activeElement===r)d.top.location.href=t.value}}},e)d.addEventListener(\"message\",d.wp.receiveEmbedMessage,!1),l.addEventListener(\"DOMContentLoaded\",t,!1),d.addEventListener(\"load\",t,!1);function t(){if(!o){o=!0;for(var e,t,r,a=-1!==navigator.appVersion.indexOf(\"MSIE 10\"),i=!!navigator.userAgent.match(\/Trident.*rv:11\\.\/),s=l.querySelectorAll(\"iframe.wp-embedded-content\"),n=0;n<s.length;n++){if(!(r=(t=s[n]).getAttribute(\"data-secret\")))r=Math.random().toString(36).substr(2,10),t.src+=\"#?secret=\"+r,t.setAttribute(\"data-secret\",r);if(a||i)(e=t.cloneNode(!0)).removeAttribute(\"security\"),t.parentNode.replaceChild(e,t);t.contentWindow.postMessage({message:\"ready\",secret:r},\"*\")}}}}(window,document);\n<\/script>\n","thumbnail_url":"http:\/\/www.sporthiva.com\/wp-content\/uploads\/2025\/01\/GhfzCJnWcAA-jLh-scaled.jpg","thumbnail_width":2560,"thumbnail_height":1859,"description":"B\u00e9lgica La Federaci\u00f3n belga de f\u00fatbol ha despedido al hasta ahora seleccionador nacional masculino, Domenico Tedesco, y se espera que a final de mes se anuncie el nombre de su sustituto, seg\u00fan informaron hoy medios locales. La decisi\u00f3n del comit\u00e9 deportivo de la Federaci\u00f3n, esperada desde hace meses, supone que el t\u00e9cnico germano de origen&nbsp;Continuar leyendo"}

Bélgica despide al seleccionador Domenico Tedesco - Sporthiva Online

<blockquote class="wp-embedded-content" data-secret="xCbBMx746y"><a href="http://www.sporthiva.com/index.php/2025/01/17/belgica-despide-al-seleccionador-domenico-tedesco/">Bélgica despide al seleccionador Domenico Tedesco</a></blockquote><iframe sandbox="allow-scripts" security="restricted" src="http://www.sporthiva.com/index.php/2025/01/17/belgica-despide-al-seleccionador-domenico-tedesco/embed/#?secret=xCbBMx746y" width="600" height="338" title="«Bélgica despide al seleccionador Domenico Tedesco» — Sporthiva Online" data-secret="xCbBMx746y" frameborder="0" marginwidth="0" marginheight="0" scrolling="no" class="wp-embedded-content"></iframe><script type="text/javascript">
/*! This file is auto-generated */
!function(d,l){"use strict";var e=!1,o=!1;if(l.querySelector)if(d.addEventListener)e=!0;if(d.wp=d.wp||{},!d.wp.receiveEmbedMessage)if(d.wp.receiveEmbedMessage=function(e){var t=e.data;if(t)if(t.secret||t.message||t.value)if(!/[^a-zA-Z0-9]/.test(t.secret)){for(var r,a,i,s=l.querySelectorAll('iframe[data-secret="'+t.secret+'"]'),n=l.querySelectorAll('blockquote[data-secret="'+t.secret+'"]'),o=new RegExp("^https?:$","i"),c=0;c<n.length;c++)n[c].style.display="none";for(c=0;c<s.length;c++)if(r=s[c],e.source===r.contentWindow){if(r.removeAttribute("style"),"height"===t.message){if(1e3<(i=parseInt(t.value,10)))i=1e3;else if(~~i<200)i=200;r.height=i}if("link"===t.message)if(a=l.createElement("a"),i=l.createElement("a"),a.href=r.getAttribute("src"),i.href=t.value,o.test(i.protocol))if(i.host===a.host)if(l.activeElement===r)d.top.location.href=t.value}}},e)d.addEventListener("message",d.wp.receiveEmbedMessage,!1),l.addEventListener("DOMContentLoaded",t,!1),d.addEventListener("load",t,!1);function t(){if(!o){o=!0;for(var e,t,r,a=-1!==navigator.appVersion.indexOf("MSIE 10"),i=!!navigator.userAgent.match(/Trident.*rv:11\./),s=l.querySelectorAll("iframe.wp-embedded-content"),n=0;n<s.length;n++){if(!(r=(t=s[n]).getAttribute("data-secret")))r=Math.random().toString(36).substr(2,10),t.src+="#?secret="+r,t.setAttribute("data-secret",r);if(a||i)(e=t.cloneNode(!0)).removeAttribute("security"),t.parentNode.replaceChild(e,t);t.contentWindow.postMessage({message:"ready",secret:r},"*")}}}}(window,document);
</script>

Bélgica La Federación belga de fútbol ha despedido al hasta ahora seleccionador nacional masculino, Domenico Tedesco, y se espera que a final de mes se anuncie el nombre de su sustituto, según informaron hoy medios locales. La decisión del comité deportivo de la Federación, esperada desde hace meses, supone que el técnico germano de origen&nbsp;Continuar leyendo
