{"version":"1.0","provider_name":"Sporthiva Online","provider_url":"https:\/\/www.sporthiva.com","author_name":"Evelyn Pineda","author_url":"https:\/\/www.sporthiva.com\/index.php\/author\/epineda\/","title":"Florentino P\u00e9rez y Neymar tuvieron una \u00edntima reuni\u00f3n - Sporthiva Online","type":"rich","width":600,"height":338,"html":"<blockquote class=\"wp-embedded-content\" data-secret=\"VM8UO0DetR\"><a href=\"https:\/\/www.sporthiva.com\/index.php\/2018\/03\/15\/florentino-perez-neymar-tuvieron-una-intima-reunion\/\">Florentino P\u00e9rez y Neymar tuvieron una \u00edntima reuni\u00f3n<\/a><\/blockquote><iframe sandbox=\"allow-scripts\" security=\"restricted\" src=\"https:\/\/www.sporthiva.com\/index.php\/2018\/03\/15\/florentino-perez-neymar-tuvieron-una-intima-reunion\/embed\/#?secret=VM8UO0DetR\" width=\"600\" height=\"338\" title=\"\u00abFlorentino P\u00e9rez y Neymar tuvieron una \u00edntima reuni\u00f3n\u00bb \u2014 Sporthiva Online\" data-secret=\"VM8UO0DetR\" frameborder=\"0\" marginwidth=\"0\" marginheight=\"0\" scrolling=\"no\" class=\"wp-embedded-content\"><\/iframe><script type=\"text\/javascript\">\n\/*! This file is auto-generated *\/\n!function(d,l){\"use strict\";var e=!1,o=!1;if(l.querySelector)if(d.addEventListener)e=!0;if(d.wp=d.wp||{},!d.wp.receiveEmbedMessage)if(d.wp.receiveEmbedMessage=function(e){var t=e.data;if(t)if(t.secret||t.message||t.value)if(!\/[^a-zA-Z0-9]\/.test(t.secret)){for(var r,a,i,s=l.querySelectorAll('iframe[data-secret=\"'+t.secret+'\"]'),n=l.querySelectorAll('blockquote[data-secret=\"'+t.secret+'\"]'),o=new RegExp(\"^https?:$\",\"i\"),c=0;c<n.length;c++)n[c].style.display=\"none\";for(c=0;c<s.length;c++)if(r=s[c],e.source===r.contentWindow){if(r.removeAttribute(\"style\"),\"height\"===t.message){if(1e3<(i=parseInt(t.value,10)))i=1e3;else if(~~i<200)i=200;r.height=i}if(\"link\"===t.message)if(a=l.createElement(\"a\"),i=l.createElement(\"a\"),a.href=r.getAttribute(\"src\"),i.href=t.value,o.test(i.protocol))if(i.host===a.host)if(l.activeElement===r)d.top.location.href=t.value}}},e)d.addEventListener(\"message\",d.wp.receiveEmbedMessage,!1),l.addEventListener(\"DOMContentLoaded\",t,!1),d.addEventListener(\"load\",t,!1);function t(){if(!o){o=!0;for(var e,t,r,a=-1!==navigator.appVersion.indexOf(\"MSIE 10\"),i=!!navigator.userAgent.match(\/Trident.*rv:11\\.\/),s=l.querySelectorAll(\"iframe.wp-embedded-content\"),n=0;n<s.length;n++){if(!(r=(t=s[n]).getAttribute(\"data-secret\")))r=Math.random().toString(36).substr(2,10),t.src+=\"#?secret=\"+r,t.setAttribute(\"data-secret\",r);if(a||i)(e=t.cloneNode(!0)).removeAttribute(\"security\"),t.parentNode.replaceChild(e,t);t.contentWindow.postMessage({message:\"ready\",secret:r},\"*\")}}}}(window,document);\n<\/script>\n","thumbnail_url":"https:\/\/www.sporthiva.com\/wp-content\/uploads\/2018\/03\/FLORENTINO-gande.jpg","thumbnail_width":1280,"thumbnail_height":720,"description":"El presidente del Real Madrid se reuni\u00f3 con el brasile\u00f1o y el equipo blanco est\u00e1 cada vez m\u00e1s cerca de tener al crack del PSG Brasil Neymar\u00a0es el candidato del\u00a0Real Madrid\u00a0para convertirse en el pr\u00f3ximo gal\u00e1ctico. Pero, adem\u00e1s, el brasile\u00f1o tambi\u00e9n est\u00e1 desesperado por vestir la camiseta blanca ya la pr\u00f3xima temporada. Sin embargo su&nbsp;Continuar leyendo"}

Florentino Pérez y Neymar tuvieron una íntima reunión - Sporthiva Online

<blockquote class="wp-embedded-content" data-secret="VM8UO0DetR"><a href="https://www.sporthiva.com/index.php/2018/03/15/florentino-perez-neymar-tuvieron-una-intima-reunion/">Florentino Pérez y Neymar tuvieron una íntima reunión</a></blockquote><iframe sandbox="allow-scripts" security="restricted" src="https://www.sporthiva.com/index.php/2018/03/15/florentino-perez-neymar-tuvieron-una-intima-reunion/embed/#?secret=VM8UO0DetR" width="600" height="338" title="«Florentino Pérez y Neymar tuvieron una íntima reunión» — Sporthiva Online" data-secret="VM8UO0DetR" frameborder="0" marginwidth="0" marginheight="0" scrolling="no" class="wp-embedded-content"></iframe><script type="text/javascript">
/*! This file is auto-generated */
!function(d,l){"use strict";var e=!1,o=!1;if(l.querySelector)if(d.addEventListener)e=!0;if(d.wp=d.wp||{},!d.wp.receiveEmbedMessage)if(d.wp.receiveEmbedMessage=function(e){var t=e.data;if(t)if(t.secret||t.message||t.value)if(!/[^a-zA-Z0-9]/.test(t.secret)){for(var r,a,i,s=l.querySelectorAll('iframe[data-secret="'+t.secret+'"]'),n=l.querySelectorAll('blockquote[data-secret="'+t.secret+'"]'),o=new RegExp("^https?:$","i"),c=0;c<n.length;c++)n[c].style.display="none";for(c=0;c<s.length;c++)if(r=s[c],e.source===r.contentWindow){if(r.removeAttribute("style"),"height"===t.message){if(1e3<(i=parseInt(t.value,10)))i=1e3;else if(~~i<200)i=200;r.height=i}if("link"===t.message)if(a=l.createElement("a"),i=l.createElement("a"),a.href=r.getAttribute("src"),i.href=t.value,o.test(i.protocol))if(i.host===a.host)if(l.activeElement===r)d.top.location.href=t.value}}},e)d.addEventListener("message",d.wp.receiveEmbedMessage,!1),l.addEventListener("DOMContentLoaded",t,!1),d.addEventListener("load",t,!1);function t(){if(!o){o=!0;for(var e,t,r,a=-1!==navigator.appVersion.indexOf("MSIE 10"),i=!!navigator.userAgent.match(/Trident.*rv:11\./),s=l.querySelectorAll("iframe.wp-embedded-content"),n=0;n<s.length;n++){if(!(r=(t=s[n]).getAttribute("data-secret")))r=Math.random().toString(36).substr(2,10),t.src+="#?secret="+r,t.setAttribute("data-secret",r);if(a||i)(e=t.cloneNode(!0)).removeAttribute("security"),t.parentNode.replaceChild(e,t);t.contentWindow.postMessage({message:"ready",secret:r},"*")}}}}(window,document);
</script>

El presidente del Real Madrid se reunió con el brasileño y el equipo blanco está cada vez más cerca de tener al crack del PSG Brasil Neymar es el candidato del Real Madrid para convertirse en el próximo galáctico. Pero, además, el brasileño también está desesperado por vestir la camiseta blanca ya la próxima temporada. Sin embargo su&nbsp;Continuar leyendo
